{"id":30353,"date":"2026-04-21T15:07:15","date_gmt":"2026-04-21T14:07:15","guid":{"rendered":"https:\/\/sofa-factory.es\/?post_type=product&#038;p=30353"},"modified":"2026-04-29T23:53:05","modified_gmt":"2026-04-29T22:53:05","slug":"rinconera-alba-piel-modulos-3r2","status":"publish","type":"product","link":"https:\/\/sofa-factory.es\/?product=rinconera-alba-piel-modulos-3r2","title":{"rendered":"Rinconera ALBA piel m\u00f3dulos 3+R+2"},"content":{"rendered":"<p><span style=\"font-size: 14pt\">Rinconera ALBA en piel gaud\u00ed italiana<\/span><\/p>\n<p><span style=\"font-size: 14pt\">Piel italiana de alta calidad. Todo el conjunto tapizado en piel. Bases y altos.<\/span><\/p>\n<p><span style=\"font-size: 14pt\">Medidas:<\/span><\/p>\n<p><span style=\"font-size: 14pt\">Rinc\u00f3n: 100x100cm. M\u00f3dulo 3 plazas: 172cm ancho. M\u00f3dulo 2 plazas: 122cm ancho. M\u00f3dulo 1 plaza: 76cm ancho.<\/span><\/p>\n<p><span style=\"font-size: 14pt\">Sobre pedido se pueden hacer otras composiciones, tales como 3+R+3, 2+R+2, etc&#8230;.<\/span><\/p>\n<p><span style=\"font-size: 14pt\">Para otras medidas, contacten con nosotros.<\/span><\/p>\n<p>&nbsp;<\/p>\n","protected":false},"excerpt":{"rendered":"<p><span style=\"font-size: 14pt\">Rinconera piel ALBA con multitud de medidas<\/span><\/p>\n<p><span style=\"font-size: 14pt\">Piel italiana. Sobre pedido m\u00f3dulos de 1pl ,2pl y 3 plazas<\/span><\/p>\n<p><span style=\"font-size: 14pt\">Entrega 30 d\u00edas<\/span><\/p>\n","protected":false},"featured_media":28613,"template":"","meta":{"_joinchat":[]},"product_brand":[],"product_cat":[707,700],"product_tag":[806,789],"class_list":{"0":"post-30353","1":"product","2":"type-product","3":"status-publish","4":"has-post-thumbnail","6":"product_cat-rinconeras","7":"product_cat-sofas-y-tapizados","8":"product_tag-6-plazas","9":"product_tag-en-piel","11":"first","12":"onbackorder","13":"sale","14":"taxable","15":"shipping-taxable","16":"purchasable","17":"product-type-variable","18":"has-default-attributes"},"_links":{"self":[{"href":"https:\/\/sofa-factory.es\/index.php?rest_route=\/wp\/v2\/product\/30353","targetHints":{"allow":["GET"]}}],"collection":[{"href":"https:\/\/sofa-factory.es\/index.php?rest_route=\/wp\/v2\/product"}],"about":[{"href":"https:\/\/sofa-factory.es\/index.php?rest_route=\/wp\/v2\/types\/product"}],"version-history":[{"count":1,"href":"https:\/\/sofa-factory.es\/index.php?rest_route=\/wp\/v2\/product\/30353\/revisions"}],"predecessor-version":[{"id":30368,"href":"https:\/\/sofa-factory.es\/index.php?rest_route=\/wp\/v2\/product\/30353\/revisions\/30368"}],"wp:featuredmedia":[{"embeddable":true,"href":"https:\/\/sofa-factory.es\/index.php?rest_route=\/wp\/v2\/media\/28613"}],"wp:attachment":[{"href":"https:\/\/sofa-factory.es\/index.php?rest_route=%2Fwp%2Fv2%2Fmedia&parent=30353"}],"wp:term":[{"taxonomy":"product_brand","embeddable":true,"href":"https:\/\/sofa-factory.es\/index.php?rest_route=%2Fwp%2Fv2%2Fproduct_brand&post=30353"},{"taxonomy":"product_cat","embeddable":true,"href":"https:\/\/sofa-factory.es\/index.php?rest_route=%2Fwp%2Fv2%2Fproduct_cat&post=30353"},{"taxonomy":"product_tag","embeddable":true,"href":"https:\/\/sofa-factory.es\/index.php?rest_route=%2Fwp%2Fv2%2Fproduct_tag&post=30353"}],"curies":[{"name":"wp","href":"https:\/\/api.w.org\/{rel}","templated":true}]}}

Rinconera ALBA piel módulos 3+R+2

<p><span style="font-size: 14pt">Rinconera ALBA en piel gaudí italiana</span></p>
<p><span style="font-size: 14pt">Piel italiana de alta calidad. Todo el conjunto tapizado en piel. Bases y altos.</span></p>
<p><span style="font-size: 14pt">Medidas:</span></p>
<p><span style="font-size: 14pt">Rincón: 100x100cm. Módulo 3 plazas: 172cm ancho. Módulo 2 plazas: 122cm ancho. Módulo 1 plaza: 76cm ancho.</span></p>
<p><span style="font-size: 14pt">Sobre pedido se pueden hacer otras composiciones, tales como 3+R+3, 2+R+2, etc&#8230;.</span></p>
<p><span style="font-size: 14pt">Para otras medidas, contacten con nosotros.</span></p>
<p>&nbsp;</p>

<p><span style="font-size: 14pt">Rinconera piel ALBA con multitud de medidas</span></p>
<p><span style="font-size: 14pt">Piel italiana. Sobre pedido módulos de 1pl ,2pl y 3 plazas</span></p>
<p><span style="font-size: 14pt">Entrega 30 días</span></p>
