{"id":29822,"date":"2025-04-08T12:23:50","date_gmt":"2025-04-08T11:23:50","guid":{"rendered":"https:\/\/sofa-factory.es\/?post_type=product&#038;p=29822"},"modified":"2026-04-30T18:58:00","modified_gmt":"2026-04-30T17:58:00","slug":"chaisslong-oslo-285cm-estilo-nordico","status":"publish","type":"product","link":"https:\/\/sofa-factory.es\/?product=chaisslong-oslo-285cm-estilo-nordico","title":{"rendered":"Chaisslong OSLO 285cm estilo n\u00f3rdico"},"content":{"rendered":"<p><span style=\"font-size: 14pt;\">Chaisslong 4 plazas OSLO chaisslong movible a ambos lados<\/span><\/p>\n<p><span style=\"font-size: 14pt;\">Asientos extraibles, respaldos reclinables<\/span><\/p>\n<p><span style=\"font-size: 14pt;\">Tela acualine \u00faltima generac\u00edon de f\u00e1cil limpieza.<\/span><\/p>\n<p><span style=\"font-size: 14pt;\">Medidas total 285cm x 170cm.<\/span><\/p>\n<p><span style=\"font-size: 14pt;\">Armaz\u00f3n de madera y tablero.<br \/>\n<\/span><\/p>\n","protected":false},"excerpt":{"rendered":"<p><span style=\"font-size: 14pt;\">Chaisslong 4 plazas oslo color beig<\/span><\/p>\n<p><span style=\"font-size: 14pt;\">Medidas total 285cm x 170cm<\/span><\/p>\n<p><span style=\"font-size: 14pt;\">La chaisslong se puede intercambiar de lado<\/span><\/p>\n<p><span style=\"font-size: 14pt;\">Entrega inmediata<\/span><\/p>\n","protected":false},"featured_media":29820,"template":"","meta":{"_joinchat":[]},"product_brand":[],"product_cat":[704,700],"product_tag":[800,859],"class_list":{"0":"post-29822","1":"product","2":"type-product","3":"status-publish","4":"has-post-thumbnail","6":"product_cat-chaisse-longues","7":"product_cat-sofas-y-tapizados","8":"product_tag-4-plazas","9":"product_tag-asientos-extraibles","10":"pa_sentido-chaisslong-derecha-mirando-de-frente","11":"pa_sentido-chaisslong-izquierda-mirando-de-frente","13":"first","14":"outofstock","15":"sale","16":"taxable","17":"shipping-taxable","18":"purchasable","19":"product-type-simple"},"_links":{"self":[{"href":"https:\/\/sofa-factory.es\/index.php?rest_route=\/wp\/v2\/product\/29822","targetHints":{"allow":["GET"]}}],"collection":[{"href":"https:\/\/sofa-factory.es\/index.php?rest_route=\/wp\/v2\/product"}],"about":[{"href":"https:\/\/sofa-factory.es\/index.php?rest_route=\/wp\/v2\/types\/product"}],"version-history":[{"count":2,"href":"https:\/\/sofa-factory.es\/index.php?rest_route=\/wp\/v2\/product\/29822\/revisions"}],"predecessor-version":[{"id":29844,"href":"https:\/\/sofa-factory.es\/index.php?rest_route=\/wp\/v2\/product\/29822\/revisions\/29844"}],"wp:featuredmedia":[{"embeddable":true,"href":"https:\/\/sofa-factory.es\/index.php?rest_route=\/wp\/v2\/media\/29820"}],"wp:attachment":[{"href":"https:\/\/sofa-factory.es\/index.php?rest_route=%2Fwp%2Fv2%2Fmedia&parent=29822"}],"wp:term":[{"taxonomy":"product_brand","embeddable":true,"href":"https:\/\/sofa-factory.es\/index.php?rest_route=%2Fwp%2Fv2%2Fproduct_brand&post=29822"},{"taxonomy":"product_cat","embeddable":true,"href":"https:\/\/sofa-factory.es\/index.php?rest_route=%2Fwp%2Fv2%2Fproduct_cat&post=29822"},{"taxonomy":"product_tag","embeddable":true,"href":"https:\/\/sofa-factory.es\/index.php?rest_route=%2Fwp%2Fv2%2Fproduct_tag&post=29822"}],"curies":[{"name":"wp","href":"https:\/\/api.w.org\/{rel}","templated":true}]}}

Chaisslong OSLO 285cm estilo nórdico

<p><span style="font-size: 14pt;">Chaisslong 4 plazas OSLO chaisslong movible a ambos lados</span></p>
<p><span style="font-size: 14pt;">Asientos extraibles, respaldos reclinables</span></p>
<p><span style="font-size: 14pt;">Tela acualine última generacíon de fácil limpieza.</span></p>
<p><span style="font-size: 14pt;">Medidas total 285cm x 170cm.</span></p>
<p><span style="font-size: 14pt;">Armazón de madera y tablero.<br />
</span></p>
