{"id":29816,"date":"2025-04-08T12:15:43","date_gmt":"2025-04-08T11:15:43","guid":{"rendered":"https:\/\/sofa-factory.es\/?post_type=product&#038;p=29816"},"modified":"2026-04-29T11:01:13","modified_gmt":"2026-04-29T10:01:13","slug":"chaisslong-onix-295cm-brazo-abombado","status":"publish","type":"product","link":"https:\/\/sofa-factory.es\/?product=chaisslong-onix-295cm-brazo-abombado","title":{"rendered":"Chaisslong ONIX 295cm brazo abombado"},"content":{"rendered":"<p><span style=\"font-size: 14pt;\">Chaisslong 4 plazas ONIX brazo abombado<\/span><\/p>\n<p><span style=\"font-size: 14pt;\">Asientos extraibles, respaldos reclinables<\/span><\/p>\n<p><span style=\"font-size: 14pt;\">Tela acualine \u00faltima generac\u00edon de f\u00e1cil limpieza.<\/span><\/p>\n<p><span style=\"font-size: 14pt;\">Medidas total 295cm x 160cm.<\/span><\/p>\n<p><span style=\"font-size: 14pt;\">Armaz\u00f3n de madera y tablero.<br \/>\n<\/span><\/p>\n","protected":false},"excerpt":{"rendered":"<p><span style=\"font-size: 14pt;\">Chaisslong 4 plazas ONIX color gris oscuro<\/span><\/p>\n<p><span style=\"font-size: 14pt;\">Medidas total 295cm (3 asientos) x 160cm<\/span><\/p>\n<p><span style=\"font-size: 14pt;\">Entrega inmediata<\/span><\/p>\n","protected":false},"featured_media":29819,"template":"","meta":{"_joinchat":[]},"product_brand":[],"product_cat":[704,699,988,700],"product_tag":[800,859],"class_list":{"0":"post-29816","1":"product","2":"type-product","3":"status-publish","4":"has-post-thumbnail","6":"product_cat-chaisse-longues","7":"product_cat-promociones-en-liquidacion","8":"product_cat-promociones","9":"product_cat-sofas-y-tapizados","10":"product_tag-4-plazas","11":"product_tag-asientos-extraibles","12":"pa_sentido-chaisslong-derecha-mirando-de-frente","13":"pa_sentido-chaisslong-izquierda-mirando-de-frente","15":"first","16":"instock","17":"sale","18":"taxable","19":"shipping-taxable","20":"purchasable","21":"product-type-simple"},"_links":{"self":[{"href":"https:\/\/sofa-factory.es\/index.php?rest_route=\/wp\/v2\/product\/29816","targetHints":{"allow":["GET"]}}],"collection":[{"href":"https:\/\/sofa-factory.es\/index.php?rest_route=\/wp\/v2\/product"}],"about":[{"href":"https:\/\/sofa-factory.es\/index.php?rest_route=\/wp\/v2\/types\/product"}],"version-history":[{"count":3,"href":"https:\/\/sofa-factory.es\/index.php?rest_route=\/wp\/v2\/product\/29816\/revisions"}],"predecessor-version":[{"id":30429,"href":"https:\/\/sofa-factory.es\/index.php?rest_route=\/wp\/v2\/product\/29816\/revisions\/30429"}],"wp:featuredmedia":[{"embeddable":true,"href":"https:\/\/sofa-factory.es\/index.php?rest_route=\/wp\/v2\/media\/29819"}],"wp:attachment":[{"href":"https:\/\/sofa-factory.es\/index.php?rest_route=%2Fwp%2Fv2%2Fmedia&parent=29816"}],"wp:term":[{"taxonomy":"product_brand","embeddable":true,"href":"https:\/\/sofa-factory.es\/index.php?rest_route=%2Fwp%2Fv2%2Fproduct_brand&post=29816"},{"taxonomy":"product_cat","embeddable":true,"href":"https:\/\/sofa-factory.es\/index.php?rest_route=%2Fwp%2Fv2%2Fproduct_cat&post=29816"},{"taxonomy":"product_tag","embeddable":true,"href":"https:\/\/sofa-factory.es\/index.php?rest_route=%2Fwp%2Fv2%2Fproduct_tag&post=29816"}],"curies":[{"name":"wp","href":"https:\/\/api.w.org\/{rel}","templated":true}]}}

<p><span style="font-size: 14pt;">Chaisslong 4 plazas ONIX brazo abombado</span></p>
<p><span style="font-size: 14pt;">Asientos extraibles, respaldos reclinables</span></p>
<p><span style="font-size: 14pt;">Tela acualine última generacíon de fácil limpieza.</span></p>
<p><span style="font-size: 14pt;">Medidas total 295cm x 160cm.</span></p>
<p><span style="font-size: 14pt;">Armazón de madera y tablero.<br />
</span></p>
