{"id":29742,"date":"2025-02-26T14:19:43","date_gmt":"2025-02-26T13:19:43","guid":{"rendered":"https:\/\/sofa-factory.es\/?post_type=product&#038;p=29742"},"modified":"2026-04-30T15:52:18","modified_gmt":"2026-04-30T14:52:18","slug":"sofa-lineal-apolo-295cm-brazos-con-arcon","status":"publish","type":"product","link":"https:\/\/sofa-factory.es\/?product=sofa-lineal-apolo-295cm-brazos-con-arcon","title":{"rendered":"Sof\u00e1 lineal ZEUS 295cm brazos con arc\u00f3n"},"content":{"rendered":"<p><span style=\"font-size: 14pt;\">Sof\u00e1 lineal 4 plazas ZEUS brazos y asientos extensibles.<\/span><\/p>\n<p><span style=\"font-size: 14pt;\">Arc\u00f3n en los brazos movibles. <\/span><span style=\"font-size: 14pt;\">Asientos de carro con ruedas<\/span><\/p>\n<p><span style=\"font-size: 14pt;\">Tela acualine \u00faltima generac\u00edon de f\u00e1cil limpieza.<\/span><\/p>\n<p><span style=\"font-size: 14pt;\">Medidas total 295cm x 160cm. El ancho 215cm trae 2 asientos. El resto 3 asientos.<\/span><\/p>\n<p><span style=\"font-size: 14pt;\">Respaldos de fibra siliconada.<\/span><\/p>\n<p><span style=\"font-size: 14pt;\">Armaz\u00f3n de madera y tablero.<br \/>\n<\/span><\/p>\n","protected":false},"excerpt":{"rendered":"<p><span style=\"font-size: 14pt;\">Sof\u00e1 lineal 4 plazas ZEUS<\/span><\/p>\n<p><span style=\"font-size: 14pt;\">Brazos con arc\u00f3n y deslizante hacia adelante. Ruedas en los carros<\/span><\/p>\n<p><span style=\"font-size: 14pt;\">Medidas total 295cm (3 asientos). Disponible en 295cm-250cm-215cm<\/span><\/p>\n<p><span style=\"font-size: 14pt;\">Fabricaci\u00f3n propia<\/span><\/p>\n","protected":false},"featured_media":29740,"template":"","meta":{"_joinchat":[]},"product_brand":[],"product_cat":[708,700],"product_tag":[800,859],"class_list":{"0":"post-29742","1":"product","2":"type-product","3":"status-publish","4":"has-post-thumbnail","6":"product_cat-sofas-lineales","7":"product_cat-sofas-y-tapizados","8":"product_tag-4-plazas","9":"product_tag-asientos-extraibles","10":"pa_sentido-chaisslong-derecha-mirando-de-frente","11":"pa_sentido-chaisslong-izquierda-mirando-de-frente","13":"first","14":"instock","15":"sale","16":"taxable","17":"shipping-taxable","18":"purchasable","19":"product-type-simple"},"_links":{"self":[{"href":"https:\/\/sofa-factory.es\/index.php?rest_route=\/wp\/v2\/product\/29742","targetHints":{"allow":["GET"]}}],"collection":[{"href":"https:\/\/sofa-factory.es\/index.php?rest_route=\/wp\/v2\/product"}],"about":[{"href":"https:\/\/sofa-factory.es\/index.php?rest_route=\/wp\/v2\/types\/product"}],"version-history":[{"count":3,"href":"https:\/\/sofa-factory.es\/index.php?rest_route=\/wp\/v2\/product\/29742\/revisions"}],"predecessor-version":[{"id":29745,"href":"https:\/\/sofa-factory.es\/index.php?rest_route=\/wp\/v2\/product\/29742\/revisions\/29745"}],"wp:featuredmedia":[{"embeddable":true,"href":"https:\/\/sofa-factory.es\/index.php?rest_route=\/wp\/v2\/media\/29740"}],"wp:attachment":[{"href":"https:\/\/sofa-factory.es\/index.php?rest_route=%2Fwp%2Fv2%2Fmedia&parent=29742"}],"wp:term":[{"taxonomy":"product_brand","embeddable":true,"href":"https:\/\/sofa-factory.es\/index.php?rest_route=%2Fwp%2Fv2%2Fproduct_brand&post=29742"},{"taxonomy":"product_cat","embeddable":true,"href":"https:\/\/sofa-factory.es\/index.php?rest_route=%2Fwp%2Fv2%2Fproduct_cat&post=29742"},{"taxonomy":"product_tag","embeddable":true,"href":"https:\/\/sofa-factory.es\/index.php?rest_route=%2Fwp%2Fv2%2Fproduct_tag&post=29742"}],"curies":[{"name":"wp","href":"https:\/\/api.w.org\/{rel}","templated":true}]}}

Sofá lineal ZEUS 295cm brazos con arcón

<p><span style="font-size: 14pt;">Sofá lineal 4 plazas ZEUS brazos y asientos extensibles.</span></p>
<p><span style="font-size: 14pt;">Arcón en los brazos movibles. </span><span style="font-size: 14pt;">Asientos de carro con ruedas</span></p>
<p><span style="font-size: 14pt;">Tela acualine última generacíon de fácil limpieza.</span></p>
<p><span style="font-size: 14pt;">Medidas total 295cm x 160cm. El ancho 215cm trae 2 asientos. El resto 3 asientos.</span></p>
<p><span style="font-size: 14pt;">Respaldos de fibra siliconada.</span></p>
<p><span style="font-size: 14pt;">Armazón de madera y tablero.<br />
</span></p>

<p><span style="font-size: 14pt;">Sofá lineal 4 plazas ZEUS</span></p>
<p><span style="font-size: 14pt;">Brazos con arcón y deslizante hacia adelante. Ruedas en los carros</span></p>
<p><span style="font-size: 14pt;">Medidas total 295cm (3 asientos). Disponible en 295cm-250cm-215cm</span></p>
<p><span style="font-size: 14pt;">Fabricación propia</span></p>
