{"id":29040,"date":"2025-01-23T17:04:32","date_gmt":"2025-01-23T16:04:32","guid":{"rendered":"https:\/\/sofa-factory.es\/?post_type=product&#038;p=29040"},"modified":"2026-04-16T14:07:20","modified_gmt":"2026-04-16T13:07:20","slug":"colchon-304-visco-hr-26cm","status":"publish","type":"product","link":"https:\/\/sofa-factory.es\/?product=colchon-304-visco-hr-26cm","title":{"rendered":"Colch\u00f3n 304 visco HR 26cm"},"content":{"rendered":"<p><span style=\"font-size: 18px;\">Tejido strech de alta calidad con tratamientos sanitized.<\/span><\/p>\n<p><span style=\"font-size: 18px;\">Distintas capas de amortiguaci\u00f3n que suavizan y distribuyen el peso homog\u00e9neamente.<\/span><\/p>\n<p><span style=\"font-size: 18px;\">2 cm. de viscoel\u00e1stica de alta densidad a ambas caras<\/span><\/p>\n<p><span style=\"font-size: 18px;\">N\u00facleo de HR ultrasuave de 40kg\/m3 de densidad.<\/span><\/p>\n<p><span style=\"font-size: 18px;\">Altura 26 cm.<\/span><\/p>\n","protected":false},"excerpt":{"rendered":"<p><span style=\"font-size: 14pt;\">Colch\u00f3n con n\u00facleo HR ultrasuave 2cm viscol\u00e1stica a doble cara<\/span><\/p>\n<p><span style=\"font-size: 14pt;\">N\u00facleo HR 40kg\/m3<\/span><\/p>\n<p><span style=\"font-size: 18px;\">Medidas disponibles: Ancho 80cm hasta 200cm x Largo 190 hasta 200cm<\/span><\/p>\n<p><span style=\"font-size: 18px;\"><strong>S\u00f3lo se env\u00eda con\u00a0la modalidad \u00abservicio de entrega dentro del domicilio\u00bb, salvo para la zona de Torrevieja donde la entrega es gratis<\/strong><\/span><\/p>\n<p><span style=\"font-size: 14pt;\">Tejido strech de alta calidad con tratamientos sanitized<\/span><\/p>\n<p><span style=\"font-size: 14pt;\">Altura 26 cm<\/span><\/p>\n","protected":false},"featured_media":29044,"template":"","meta":{"_joinchat":[]},"product_brand":[],"product_cat":[727,726,1016],"product_tag":[1021,1019],"class_list":{"0":"post-29040","1":"product","2":"type-product","3":"status-publish","4":"has-post-thumbnail","6":"product_cat-colchones","7":"product_cat-descanso","8":"product_cat-hasta-300e","9":"product_tag-nucleo-hr","10":"product_tag-viscolastica","11":"pa_medida-135x190cm","12":"pa_medida-150x190cm","13":"pa_medida-90x190cm","15":"first","16":"instock","17":"sale","18":"taxable","19":"shipping-taxable","20":"purchasable","21":"product-type-variable","22":"has-default-attributes"},"_links":{"self":[{"href":"https:\/\/sofa-factory.es\/index.php?rest_route=\/wp\/v2\/product\/29040","targetHints":{"allow":["GET"]}}],"collection":[{"href":"https:\/\/sofa-factory.es\/index.php?rest_route=\/wp\/v2\/product"}],"about":[{"href":"https:\/\/sofa-factory.es\/index.php?rest_route=\/wp\/v2\/types\/product"}],"version-history":[{"count":2,"href":"https:\/\/sofa-factory.es\/index.php?rest_route=\/wp\/v2\/product\/29040\/revisions"}],"predecessor-version":[{"id":29050,"href":"https:\/\/sofa-factory.es\/index.php?rest_route=\/wp\/v2\/product\/29040\/revisions\/29050"}],"wp:featuredmedia":[{"embeddable":true,"href":"https:\/\/sofa-factory.es\/index.php?rest_route=\/wp\/v2\/media\/29044"}],"wp:attachment":[{"href":"https:\/\/sofa-factory.es\/index.php?rest_route=%2Fwp%2Fv2%2Fmedia&parent=29040"}],"wp:term":[{"taxonomy":"product_brand","embeddable":true,"href":"https:\/\/sofa-factory.es\/index.php?rest_route=%2Fwp%2Fv2%2Fproduct_brand&post=29040"},{"taxonomy":"product_cat","embeddable":true,"href":"https:\/\/sofa-factory.es\/index.php?rest_route=%2Fwp%2Fv2%2Fproduct_cat&post=29040"},{"taxonomy":"product_tag","embeddable":true,"href":"https:\/\/sofa-factory.es\/index.php?rest_route=%2Fwp%2Fv2%2Fproduct_tag&post=29040"}],"curies":[{"name":"wp","href":"https:\/\/api.w.org\/{rel}","templated":true}]}}