{"id":26804,"date":"2024-02-16T11:30:57","date_gmt":"2024-02-16T10:30:57","guid":{"rendered":"https:\/\/sofa-factory.es\/?post_type=product&#038;p=26804"},"modified":"2026-05-11T17:04:14","modified_gmt":"2026-05-11T16:04:14","slug":"colchon-cool-fresh-visco-ensacado-29cm","status":"publish","type":"product","link":"https:\/\/sofa-factory.es\/?product=colchon-cool-fresh-visco-ensacado-29cm","title":{"rendered":"Colch\u00f3n COOL FRESH visco ensacado 29cm"},"content":{"rendered":"<p class=\"p1\">Springbox System. Muelles ensacados con un punto m\u00e1s de firmeza en su n\u00facleo<\/p>\n<p class=\"p1\">Tejido Strech de alto gramaje con tratamiento airfresh y anti \u00e1caros. Acolchado con maquinaria de \u00faltima generaci\u00f3n con sistema de tapa a tapa.<\/p>\n<p class=\"p1\">Interior Viscodensity con el confort y transpiraci\u00f3n del Oxicore y el Fibersoft.<\/p>\n<p class=\"p1\">Asas laterales cosidas a mano.<\/p>\n","protected":false},"excerpt":{"rendered":"<p><span style=\"font-size: 14pt;\">Colch\u00f3n COOL FRESH muelle ensacado 29cm de grosor<\/span><\/p>\n<p><span style=\"font-size: 14pt;\">Materiales naturales y confecci\u00f3n manual<\/span><\/p>\n<p><span style=\"font-size: 14pt;\">Medidas disponibles: Ancho 80cm hasta 200cm x Largo 190 hasta 200cm Altura 30 cm<\/span><\/p>\n<p><strong><span style=\"font-size: 14pt;\">S\u00f3lo se env\u00eda con la modalidad \u00abservicio de entrega dentro del domicilio\u00bb, salvo para la zona de Torrevieja donde la entrega es gratis<\/span><\/strong><\/p>\n","protected":false},"featured_media":28990,"template":"","meta":{"_joinchat":[]},"product_brand":[],"product_cat":[727,726,1014],"product_tag":[1013,1019],"class_list":{"0":"post-26804","1":"product","2":"type-product","3":"status-publish","4":"has-post-thumbnail","6":"product_cat-colchones","7":"product_cat-descanso","8":"product_cat-gama-top","9":"product_tag-muelles-ensacados","10":"product_tag-viscolastica","11":"pa_medida-135x190cm","12":"pa_medida-150x190cm","13":"pa_medida-90x190cm","15":"first","16":"instock","17":"sale","18":"taxable","19":"shipping-taxable","20":"purchasable","21":"product-type-variable","22":"has-default-attributes"},"_links":{"self":[{"href":"https:\/\/sofa-factory.es\/index.php?rest_route=\/wp\/v2\/product\/26804","targetHints":{"allow":["GET"]}}],"collection":[{"href":"https:\/\/sofa-factory.es\/index.php?rest_route=\/wp\/v2\/product"}],"about":[{"href":"https:\/\/sofa-factory.es\/index.php?rest_route=\/wp\/v2\/types\/product"}],"version-history":[{"count":6,"href":"https:\/\/sofa-factory.es\/index.php?rest_route=\/wp\/v2\/product\/26804\/revisions"}],"predecessor-version":[{"id":29117,"href":"https:\/\/sofa-factory.es\/index.php?rest_route=\/wp\/v2\/product\/26804\/revisions\/29117"}],"wp:featuredmedia":[{"embeddable":true,"href":"https:\/\/sofa-factory.es\/index.php?rest_route=\/wp\/v2\/media\/28990"}],"wp:attachment":[{"href":"https:\/\/sofa-factory.es\/index.php?rest_route=%2Fwp%2Fv2%2Fmedia&parent=26804"}],"wp:term":[{"taxonomy":"product_brand","embeddable":true,"href":"https:\/\/sofa-factory.es\/index.php?rest_route=%2Fwp%2Fv2%2Fproduct_brand&post=26804"},{"taxonomy":"product_cat","embeddable":true,"href":"https:\/\/sofa-factory.es\/index.php?rest_route=%2Fwp%2Fv2%2Fproduct_cat&post=26804"},{"taxonomy":"product_tag","embeddable":true,"href":"https:\/\/sofa-factory.es\/index.php?rest_route=%2Fwp%2Fv2%2Fproduct_tag&post=26804"}],"curies":[{"name":"wp","href":"https:\/\/api.w.org\/{rel}","templated":true}]}}